{"id":3,"date":"2021-03-14T00:28:06","date_gmt":"2021-03-14T00:28:06","guid":{"rendered":"https:\/\/rominalazcano.com\/campus\/?page_id=3"},"modified":"2023-09-02T14:42:14","modified_gmt":"2023-09-02T14:42:14","slug":"politica-de-privacidad","status":"publish","type":"page","link":"https:\/\/rominalazcano.com\/campus\/politica-de-privacidad\/","title":{"rendered":"Pol\u00edtica de Privacidad"},"content":{"rendered":"\n<h1 class=\"wp-block-heading\"><\/h1>\n\n\n\n<h3 class=\"wp-block-heading\">Quienes somos<\/h3>\n\n\n\n<p>La direcci\u00f3n de nuestro sitio web es: www.rominalazcano.com<\/p>\n\n\n\n<h3 class=\"wp-block-heading\">Qu\u00e9 datos personales recopilamos y por qu\u00e9 los recopilamos:<\/h3>\n\n\n\n<p>Comentarios<\/p>\n\n\n\n<p>Cuando los visitantes dejan comentarios en el sitio, recopilamos los datos que se muestran en el formulario de comentarios, y tambi\u00e9n la direcci\u00f3n IP del visitante y la cadena del agente de usuario del navegador para ayudar a la detecci\u00f3n de spam.<\/p>\n\n\n\n<p>Se puede proporcionar una cadena an\u00f3nima creada a partir de su direcci\u00f3n de correo electr\u00f3nico (tambi\u00e9n llamada hash) al servicio Gravatar para ver si la est\u00e1 utilizando. La pol\u00edtica de privacidad del servicio Gravatar est\u00e1 disponible aqu\u00ed: https:\/\/automattic.com\/privacy\/. Despu\u00e9s de la aprobaci\u00f3n de su comentario, su foto de perfil es visible para el p\u00fablico en el contexto de su comentario.<\/p>\n\n\n\n<h3 class=\"wp-block-heading\">Medios de comunicaci\u00f3n<\/h3>\n\n\n\n<p>Si carga im\u00e1genes en el sitio web, debe evitar cargar im\u00e1genes con datos de ubicaci\u00f3n incrustados (GPS EXIF) incluidos. Los visitantes del sitio web pueden descargar y extraer los datos de ubicaci\u00f3n de las im\u00e1genes del sitio web.<\/p>\n\n\n\n<h3 class=\"wp-block-heading\">Formularios de contacto<\/h3>\n\n\n\n<p>Cookies<\/p>\n\n\n\n<p>Si deja un comentario en nuestro sitio, puede optar por guardar su nombre, direcci\u00f3n de correo electr\u00f3nico y sitio web en cookies. Estos son para su conveniencia para que no tenga que volver a completar sus datos cuando deje otro comentario. Estas cookies durar\u00e1n un a\u00f1o.<\/p>\n\n\n\n<p>Si visita nuestra p\u00e1gina de inicio de sesi\u00f3n, configuraremos una cookie temporal para determinar si su navegador acepta cookies. Esta cookie no contiene datos personales y se descarta cuando cierra su navegador.<\/p>\n\n\n\n<p>Cuando inicie sesi\u00f3n, tambi\u00e9n configuraremos varias cookies para guardar su informaci\u00f3n de inicio de sesi\u00f3n y sus opciones de visualizaci\u00f3n de pantalla. Las cookies de inicio de sesi\u00f3n duran dos d\u00edas y las cookies de opciones de pantalla duran un a\u00f1o. Si selecciona \u00abRecordarme\u00bb, su inicio de sesi\u00f3n se mantendr\u00e1 durante dos semanas. Si cierra sesi\u00f3n en su cuenta, se eliminar\u00e1n las cookies de inicio de sesi\u00f3n.<\/p>\n\n\n\n<p>Si edita o publica un art\u00edculo, se guardar\u00e1 una cookie adicional en su navegador. Esta cookie no incluye datos personales y simplemente indica el ID de publicaci\u00f3n del art\u00edculo que acaba de editar. Caduca despu\u00e9s de 1 d\u00eda.<\/p>\n\n\n\n<h3 class=\"wp-block-heading\">Contenido incrustado de otros sitios web<\/h3>\n\n\n\n<p>Los art\u00edculos de este sitio pueden incluir contenido incrustado (por ejemplo, videos, im\u00e1genes, art\u00edculos, etc.). El contenido incrustado de otros sitios web se comporta exactamente de la misma manera que si el visitante hubiera visitado el otro sitio web.<\/p>\n\n\n\n<p>Estos sitios web pueden recopilar datos sobre usted, utilizar cookies, incrustar un seguimiento adicional de terceros y supervisar su interacci\u00f3n con ese contenido incrustado, incluido el seguimiento de su interacci\u00f3n con el contenido incrustado si tiene una cuenta y ha iniciado sesi\u00f3n en ese sitio web.<\/p>\n\n\n\n<h3 class=\"wp-block-heading\">Anal\u00edtica<\/h3>\n\n\n\n<p>Con qui\u00e9n compartimos sus datos<\/p>\n\n\n\n<p>Compartimos sus datos no sensibles con el servicio de google analitycs con el fin de mejorar la experiencia del usuario. Tambi\u00e9n para realizar acciones de marketing y publicidad.<\/p>\n\n\n\n<p>Si solicita un restablecimiento de contrase\u00f1a, su direcci\u00f3n IP se incluir\u00e1 en el correo electr\u00f3nico de restablecimiento.<\/p>\n\n\n\n<h3 class=\"wp-block-heading\">Cu\u00e1nto tiempo conservamos sus datos<\/h3>\n\n\n\n<p>Si deja un comentario, el comentario y sus metadatos se conservan indefinidamente. Esto es para que podamos reconocer y aprobar cualquier comentario de seguimiento autom\u00e1ticamente en lugar de mantenerlos en una cola de moderaci\u00f3n.<\/p>\n\n\n\n<p>Para los usuarios que se registran en nuestro sitio web (si corresponde), tambi\u00e9n almacenamos la informaci\u00f3n personal que proporcionan en su perfil de usuario. Todos los usuarios pueden ver, editar o eliminar su informaci\u00f3n personal en cualquier momento (excepto que no pueden cambiar su nombre de usuario). Los administradores del sitio web tambi\u00e9n pueden ver y editar esa informaci\u00f3n.<\/p>\n\n\n\n<h3 class=\"wp-block-heading\">Que derechos tienes sobre tus datos<\/h3>\n\n\n\n<p>Si tiene una cuenta en este sitio o ha dejado comentarios, puede solicitar recibir un archivo exportado de los datos personales que tenemos sobre usted, incluidos los datos que nos haya proporcionado. Tambi\u00e9n puede solicitar que borremos cualquier dato personal que tengamos sobre usted. Esto no incluye ning\u00fan dato que estemos obligados a conservar con fines administrativos, legales o de seguridad.<\/p>\n\n\n\n<h3 class=\"wp-block-heading\">A donde enviamos sus datos<\/h3>\n\n\n\n<p>Los comentarios de los visitantes se pueden verificar a trav\u00e9s de un servicio autom\u00e1tico de detecci\u00f3n de spam.<\/p>\n\n\n\n<h3 class=\"wp-block-heading\">Requisitos de divulgaci\u00f3n reglamentarios de la industria<\/h3>\n\n\n\n<p>Nos manejamos acorde a las leyes vigentes en Argentina a\u00f1o 2023.<\/p>\n\n\n\n<p>&#8230;&#8230;..<\/p>\n\n\n\n<p><strong>Pol\u00edtica de Cookies de [Nombre de Tu Sitio Web]<\/strong><\/p>\n\n\n\n<p><strong>\u00daltima actualizaci\u00f3n: <\/strong>2 de Septiembre de 2023<\/p>\n\n\n\n<p><strong>1. Introducci\u00f3n<\/strong><\/p>\n\n\n\n<p>Esta Pol\u00edtica de Cookies explica c\u00f3mo www.rominalazcano.com  utiliza cookies y tecnolog\u00edas similares en nuestro sitio web. Esta pol\u00edtica est\u00e1 dise\u00f1ada para cumplir con las leyes de privacidad y protecci\u00f3n de datos de Argentina.<\/p>\n\n\n\n<p><strong>2. \u00bfQu\u00e9 son las Cookies?<\/strong><\/p>\n\n\n\n<p>Las cookies son peque\u00f1os archivos de texto que se almacenan en tu dispositivo cuando visitas nuestro sitio web. Estas cookies pueden contener informaci\u00f3n como preferencias de usuario, detalles de inicio de sesi\u00f3n y datos de seguimiento de la actividad del usuario.<\/p>\n\n\n\n<p><strong>3. Tipos de cookies que utilizamos<\/strong><\/p>\n\n\n\n<p>3.1. <strong>Cookies esenciales<\/strong> : Estas cookies son necesarias para que nuestro sitio web funcione correctamente. No puedes optar por no usarlas, ya que son esenciales para proporcionar los servicios que has solicitado.<\/p>\n\n\n\n<p>3.2. <strong>Cookies de Rendimiento y An\u00e1lisis<\/strong> : Utilizamos cookies para recopilar informaci\u00f3n sobre c\u00f3mo los visitantes utilizan nuestro sitio web. Esto nos ayuda a mejorar el rendimiento y la experiencia del usuario. Estas cookies no recopilan informaci\u00f3n personal identificable.<\/p>\n\n\n\n<p>3.3. <strong>Cookies de Publicidad y Marketing<\/strong> : Estas cookies se utilizan para mostrar anuncios relevantes para ti y tus intereses. Tambi\u00e9n pueden utilizarse para realizar un seguimiento de la eficacia de las campa\u00f1as publicitarias.<\/p>\n\n\n\n<p><strong>4. Control de Cookies<\/strong><\/p>\n\n\n\n<p>Puedes gestionar las cookies y las preferencias de privacidad a trav\u00e9s de la configuraci\u00f3n de tu navegador. Ten en cuenta que la desactivaci\u00f3n de determinadas cookies puede afectar la funcionalidad de nuestro sitio web y limitar tu experiencia.<\/p>\n\n\n\n<p><strong>5. Consentimiento<\/strong><\/p>\n\n\n\n<p>Al utilizar nuestro sitio web, aceptas el uso de cookies de acuerdo con esta pol\u00edtica. Si no est\u00e1s de acuerdo con el uso de cookies, te recomendamos que configure tu navegador para que rechace todas las cookies o que no utilice nuestro sitio web.<\/p>\n\n\n\n<p><strong>6. Cambios en esta Pol\u00edtica<\/strong><\/p>\n\n\n\n<p>Nos reservamos el derecho de actualizar esta Pol\u00edtica de Cookies en cualquier momento. Cualquier cambio significativo se comunicar\u00e1 a trav\u00e9s de nuestro sitio web o por otros medios apropiados. La fecha de la \u00faltima actualizaci\u00f3n se indica al comienzo de esta pol\u00edtica.<\/p>\n\n\n\n<p><strong>7. Contacto<\/strong><\/p>\n\n\n\n<p>Si tienes alguna pregunta o comentario sobre nuestra pol\u00edtica de cookies, por favor cont\u00e1ctanos a trav\u00e9s de contacto@rominalazcano.com  \/  tel\u00e9fono de atenci\u00f3n al cliente: 0054 1140451657.<\/p>\n","protected":false},"excerpt":{"rendered":"<p>Quienes somos La direcci\u00f3n de nuestro sitio web es: www.rominalazcano.com Qu\u00e9 datos personales recopilamos y por qu\u00e9 los recopilamos: Comentarios Cuando los visitantes dejan comentarios en el sitio, recopilamos los datos que se muestran en el formulario de comentarios, y tambi\u00e9n la direcci\u00f3n IP del visitante y la cadena del agente de usuario del navegador [&hellip;]<\/p>\n","protected":false},"author":1,"featured_media":0,"parent":0,"menu_order":0,"comment_status":"closed","ping_status":"closed","template":"","meta":{"footnotes":""},"class_list":["post-3","page","type-page","status-publish","hentry"],"_links":{"self":[{"href":"https:\/\/rominalazcano.com\/campus\/wp-json\/wp\/v2\/pages\/3","targetHints":{"allow":["GET"]}}],"collection":[{"href":"https:\/\/rominalazcano.com\/campus\/wp-json\/wp\/v2\/pages"}],"about":[{"href":"https:\/\/rominalazcano.com\/campus\/wp-json\/wp\/v2\/types\/page"}],"author":[{"embeddable":true,"href":"https:\/\/rominalazcano.com\/campus\/wp-json\/wp\/v2\/users\/1"}],"replies":[{"embeddable":true,"href":"https:\/\/rominalazcano.com\/campus\/wp-json\/wp\/v2\/comments?post=3"}],"version-history":[{"count":4,"href":"https:\/\/rominalazcano.com\/campus\/wp-json\/wp\/v2\/pages\/3\/revisions"}],"predecessor-version":[{"id":4969,"href":"https:\/\/rominalazcano.com\/campus\/wp-json\/wp\/v2\/pages\/3\/revisions\/4969"}],"wp:attachment":[{"href":"https:\/\/rominalazcano.com\/campus\/wp-json\/wp\/v2\/media?parent=3"}],"curies":[{"name":"wp","href":"https:\/\/api.w.org\/{rel}","templated":true}]}}