{"id":946,"date":"2021-07-15T23:51:05","date_gmt":"2021-07-15T23:51:05","guid":{"rendered":"https:\/\/rominalazcano.com\/campus\/?post_type=product&#038;p=946"},"modified":"2025-05-11T17:54:14","modified_gmt":"2025-05-11T17:54:14","slug":"registros-akashicos-auditoria","status":"publish","type":"product","link":"https:\/\/rominalazcano.com\/campus\/product\/registros-akashicos-auditoria\/","title":{"rendered":"Registros Ak\u00e1shicos &#8211; Auditor\u00eda"},"content":{"rendered":"<div class=\"elementor-element elementor-element-1b680bd elementor-widget elementor-widget-heading\" data-id=\"1b680bd\" data-element_type=\"widget\" data-widget_type=\"heading.default\">\n<div class=\"elementor-widget-container\">\n<h2 class=\"elementor-heading-title elementor-size-default\"><span style=\"color: #c98eac;\"><strong>Registros Ak\u00e1shicos &#8211; AUDITOR\u00cdA DE INSTAGRAM<\/strong><\/span><\/h2>\n<\/div>\n<\/div>\n<div class=\"elementor-element elementor-element-111692f1 elementor-widget elementor-widget-text-editor\" data-id=\"111692f1\" data-element_type=\"widget\" data-widget_type=\"text-editor.default\">\n<div class=\"elementor-widget-container\">\n<p>\ud83d\udca1 <strong>Tu cuenta de Instagram no est\u00e1 brillando como deber\u00eda?\u00a0<\/strong>\ud83d\udcc9 <strong>\u00bfTus publicaciones parecen invisibles?<\/strong>\ud83e\udd14<strong>\u00bfNo entend\u00e9s por qu\u00e9 no interact\u00faan con vos? \ud83d\ude80 **\u00bf\u00bfQuer\u00e9s potenciar tu estrategia sin perder autenticidad?<\/strong><\/p>\n<p><strong>Ac\u00e1 es donde entro yo, con mi lupa energ\u00e9tica y mi ojo entrenado en marketing hol\u00edstico. Yo te puedo ayudar aperturando los Registros Ak\u00e1shicos de tu cuenta,<\/strong> es decir, una<strong>\u00a0auditor\u00eda de Instagram simple<\/strong>,<\/p>\n<p>Voy a hacer una <strong>lectura profunda de tu cuenta de Instagram<\/strong>, como si abriera tus <strong>Registros Ak\u00e1shicos digitales<\/strong>. Te voy a mostrar:<br \/>\n\u2705 Qu\u00e9 contenidos est\u00e1n funcionando y cu\u00e1les no.<br \/>\n\u2705 D\u00f3nde est\u00e1s perdiendo oportunidades de conectar con tu audiencia.<br \/>\n\u2705 C\u00f3mo optimizar tu bio, posteos y estrategia para atraer m\u00e1s seguidores y clientes.<\/p>\n<p>Todo esto <strong>SIN algoritmos raros ni estrategias forzadas<\/strong>, sino con una f\u00f3rmula que respete <strong>tu esencia y la energ\u00eda de tu negocio<\/strong>.<\/p>\n<h3><strong>\u00bfC\u00f3mo funciona?<\/strong><\/h3>\n<p>\ud83d\uded2 Compr\u00e1s el servicio y nos conectamos por WhatsApp as\u00ed coordinamos todo.<br \/>\n\ud83d\udc40 En <strong>5 d\u00edas h\u00e1biles<\/strong>, te mando un informe detallado con todo lo que descubr\u00ed, junto con <strong>acciones pr\u00e1cticas para mejorar tu Instagram<\/strong>.<br \/>\n\ud83c\udfaf Te lo env\u00edo por WhatsApp o email, como te quede m\u00e1s c\u00f3modo.<\/p>\n<h3><strong>Para qui\u00e9n es?<\/strong><\/h3>\n<p>\ud83c\udf1f Para terapeutas hol\u00edsticas que quieren una cuenta de Instagram alineada con su prop\u00f3sito.<br \/>\n\ud83c\udf1f Para quienes sienten que su contenido no est\u00e1 llegando a las personas correctas.<br \/>\n\ud83c\udf1f Para quienes quieren crecer en redes <strong>sin perder su autenticidad<\/strong>.<\/p>\n<h3>\ud83c\udf81 <strong>BONUS EXTRA<\/strong><\/h3>\n<p>Adem\u00e1s de la auditor\u00eda, te llev\u00e1s un <strong>checklist exclusivo<\/strong> para que sigas cada paso sin enredarte.<\/p>\n<p>\ud83d\udcf2 <strong>Dale vida a tu cuenta y empez\u00e1 a atraer a las personas correctas.<\/strong><br \/>\n\ud83d\ude80 <strong>Compr\u00e1 tu auditor\u00eda ahora y descubr\u00ed el verdadero poder de tu Instagram.<\/strong><\/p>\n<\/div>\n<\/div>\n","protected":false},"excerpt":{"rendered":"<h2><span style=\"color: #c98eac;\"><strong>\u201cRegistros Ak\u00e1shicos &#8211; Auditor\u00eda de Instagram\u201d<\/strong><\/span><\/h2>\n<p>Audito tu cuenta de Instagram para que potencies tu estrategia y puedas llegar m\u00e1s y mejor a tus clientes.<\/p>\n<p><img decoding=\"async\" class=\"emoji\" role=\"img\" draggable=\"false\" src=\"https:\/\/s.w.org\/images\/core\/emoji\/13.0.1\/svg\/1f447.svg\" alt=\"\ud83d\udc47\" \/>\u00a0Abajo te dejo los detalles.<\/p>\n","protected":false},"featured_media":947,"comment_status":"open","ping_status":"closed","template":"","meta":[],"product_brand":[],"product_cat":[30,40],"product_tag":[31],"class_list":{"0":"post-946","1":"product","2":"type-product","3":"status-publish","4":"has-post-thumbnail","6":"product_cat-auditoria","7":"product_cat-registros-akashicos","8":"product_tag-auditoria","10":"first","11":"instock","12":"shipping-taxable","13":"purchasable","14":"product-type-simple"},"_links":{"self":[{"href":"https:\/\/rominalazcano.com\/campus\/wp-json\/wp\/v2\/product\/946","targetHints":{"allow":["GET"]}}],"collection":[{"href":"https:\/\/rominalazcano.com\/campus\/wp-json\/wp\/v2\/product"}],"about":[{"href":"https:\/\/rominalazcano.com\/campus\/wp-json\/wp\/v2\/types\/product"}],"replies":[{"embeddable":true,"href":"https:\/\/rominalazcano.com\/campus\/wp-json\/wp\/v2\/comments?post=946"}],"version-history":[{"count":3,"href":"https:\/\/rominalazcano.com\/campus\/wp-json\/wp\/v2\/product\/946\/revisions"}],"predecessor-version":[{"id":6442,"href":"https:\/\/rominalazcano.com\/campus\/wp-json\/wp\/v2\/product\/946\/revisions\/6442"}],"wp:featuredmedia":[{"embeddable":true,"href":"https:\/\/rominalazcano.com\/campus\/wp-json\/wp\/v2\/media\/947"}],"wp:attachment":[{"href":"https:\/\/rominalazcano.com\/campus\/wp-json\/wp\/v2\/media?parent=946"}],"wp:term":[{"taxonomy":"product_brand","embeddable":true,"href":"https:\/\/rominalazcano.com\/campus\/wp-json\/wp\/v2\/product_brand?post=946"},{"taxonomy":"product_cat","embeddable":true,"href":"https:\/\/rominalazcano.com\/campus\/wp-json\/wp\/v2\/product_cat?post=946"},{"taxonomy":"product_tag","embeddable":true,"href":"https:\/\/rominalazcano.com\/campus\/wp-json\/wp\/v2\/product_tag?post=946"}],"curies":[{"name":"wp","href":"https:\/\/api.w.org\/{rel}","templated":true}]}}